{"id":411,"date":"2024-03-25T09:45:02","date_gmt":"2024-03-25T09:45:02","guid":{"rendered":"https:\/\/luzu.pt\/gastronomie\/"},"modified":"2024-03-25T16:40:14","modified_gmt":"2024-03-25T16:40:14","slug":"gastronomie","status":"publish","type":"page","link":"https:\/\/luzu.pt\/fr\/gastronomie\/","title":{"rendered":"GASTRONOMIE"},"content":{"rendered":"<p>[et_pb_section fb_built=\u00a0\u00bb1&Prime; custom_padding_last_edited=\u00a0\u00bbon|phone\u00a0\u00bb _builder_version=\u00a0\u00bb4.24.0&Prime; _module_preset=\u00a0\u00bbdefault\u00a0\u00bb use_background_color_gradient=\u00a0\u00bbon\u00a0\u00bb background_color_gradient_direction=\u00a0\u00bb90deg\u00a0\u00bb background_color_gradient_stops=\u00a0\u00bbrgba(0,0,0,0) 50%|#000000 100%\u00a0\u00bb background_color_gradient_overlays_image=\u00a0\u00bbon\u00a0\u00bb background_image=\u00a0\u00bbhttps:\/\/luzu.pt\/wp-content\/uploads\/2024\/01\/Luzo-Inauguracao23-FTS-SA7IV_0526.jpg\u00a0\u00bb custom_padding=\u00a0\u00bb10vh||10vh||true|false\u00a0\u00bb custom_padding_tablet=\u00a0\u00bb10vh||10vh||true|false\u00a0\u00bb custom_padding_phone=\u00a0\u00bb5vh||5vh||true|false\u00a0\u00bb background_last_edited=\u00a0\u00bbon|phone\u00a0\u00bb use_background_color_gradient_phone=\u00a0\u00bbon\u00a0\u00bb background_color_gradient_stops_phone=\u00a0\u00bb#000000 0%|rgba(0,0,0,0) 87%\u00a0\u00bb global_colors_info=\u00a0\u00bb{}\u00a0\u00bb][et_pb_row _builder_version=\u00a0\u00bb4.24.0&Prime; _module_preset=\u00a0\u00bbdefault\u00a0\u00bb global_colors_info=\u00a0\u00bb{}\u00a0\u00bb][et_pb_column type=\u00a0\u00bb4_4&Prime; _builder_version=\u00a0\u00bb4.24.0&Prime; _module_preset=\u00a0\u00bbdefault\u00a0\u00bb global_colors_info=\u00a0\u00bb{}\u00a0\u00bb][et_pb_heading title=\u00a0\u00bbGASTRONOMIE\u00a0\u00bb _builder_version=\u00a0\u00bb4.24.0&Prime; _module_preset=\u00a0\u00bbdefault\u00a0\u00bb title_font=\u00a0\u00bb|800|||||||\u00a0\u00bb title_font_size_tablet=\u00a0\u00bb\u00a0\u00bb title_font_size_phone=\u00a0\u00bb26px\u00a0\u00bb title_font_size_last_edited=\u00a0\u00bbon|phone\u00a0\u00bb global_colors_info=\u00a0\u00bb{}\u00a0\u00bb][\/et_pb_heading][et_pb_text _builder_version=\u00a0\u00bb4.24.0&Prime; _module_preset=\u00a0\u00bbdefault\u00a0\u00bb text_text_color_tablet=\u00a0\u00bb\u00a0\u00bb text_text_color_phone=\u00a0\u00bb\u00a0\u00bb text_text_color_last_edited=\u00a0\u00bbon|phone\u00a0\u00bb text_line_height_tablet=\u00a0\u00bb\u00a0\u00bb text_line_height_phone=\u00a0\u00bb2em\u00a0\u00bb text_line_height_last_edited=\u00a0\u00bbon|phone\u00a0\u00bb global_colors_info=\u00a0\u00bb{}\u00a0\u00bb]<\/p>\n<p><span style=\"font-weight: 900;\">LUZU<\/span> <span>propose un service de restauration professionnel pour des \u00e9v\u00e9nements de toutes tailles.<\/span> <\/p>\n<p><span>Nous disposons d&rsquo;une cuisine enti\u00e8rement \u00e9quip\u00e9e qui permet \u00e0 nos partenaires de pr\u00e9parer et de servir des plats de mani\u00e8re efficace et professionnelle. Cela garantit un service de qualit\u00e9 constante adapt\u00e9 aux besoins sp\u00e9cifiques de chaque \u00e9v\u00e9nement. <\/span><\/p>\n<p><span>Contactez-nous pour savoir comment nous pouvons rendre votre \u00e9v\u00e9nement m\u00e9morable.<\/span><span style=\"font-weight: 300;\"><\/span><\/p>\n<p>[\/et_pb_text][\/et_pb_column][\/et_pb_row][et_pb_row _builder_version=\u00a0\u00bb4.24.0&Prime; _module_preset=\u00a0\u00bbdefault\u00a0\u00bb][et_pb_column _builder_version=\u00a0\u00bb4.24.0&Prime; _module_preset=\u00a0\u00bbdefault\u00a0\u00bb type=\u00a0\u00bb4_4&Prime;][et_pb_gallery _builder_version=\u00a0\u00bb4.24.0&Prime; _module_preset=\u00a0\u00bbdefault\u00a0\u00bb gallery_ids=\u00a0\u00bb436,439,442,448,451,454,457,460&Prime; posts_number=\u00a0\u00bb9&Prime; gallery_orderby=\u00a0\u00bbrand\u00a0\u00bb show_title_and_caption=\u00a0\u00bboff\u00a0\u00bb show_pagination=\u00a0\u00bboff\u00a0\u00bb hover_enabled=\u00a0\u00bb0&Prime; sticky_enabled=\u00a0\u00bb0&Prime;][\/et_pb_gallery][\/et_pb_column][\/et_pb_row][\/et_pb_section]<\/p>\n","protected":false},"excerpt":{"rendered":"<p>LUZU propose un service de restauration professionnel pour des \u00e9v\u00e9nements de toutes tailles. Nous disposons d&rsquo;une cuisine enti\u00e8rement \u00e9quip\u00e9e qui permet \u00e0 nos partenaires de pr\u00e9parer et de servir des plats de mani\u00e8re efficace et professionnelle. Cela garantit un service de qualit\u00e9 constante adapt\u00e9 aux besoins sp\u00e9cifiques de chaque \u00e9v\u00e9nement. Contactez-nous pour savoir comment nous [&hellip;]<\/p>\n","protected":false},"author":1,"featured_media":0,"parent":0,"menu_order":0,"comment_status":"closed","ping_status":"closed","template":"","meta":{"_et_pb_use_builder":"on","_et_pb_old_content":"","_et_gb_content_width":"","footnotes":""},"class_list":["post-411","page","type-page","status-publish","hentry"],"_links":{"self":[{"href":"https:\/\/luzu.pt\/fr\/wp-json\/wp\/v2\/pages\/411","targetHints":{"allow":["GET"]}}],"collection":[{"href":"https:\/\/luzu.pt\/fr\/wp-json\/wp\/v2\/pages"}],"about":[{"href":"https:\/\/luzu.pt\/fr\/wp-json\/wp\/v2\/types\/page"}],"author":[{"embeddable":true,"href":"https:\/\/luzu.pt\/fr\/wp-json\/wp\/v2\/users\/1"}],"replies":[{"embeddable":true,"href":"https:\/\/luzu.pt\/fr\/wp-json\/wp\/v2\/comments?post=411"}],"version-history":[{"count":9,"href":"https:\/\/luzu.pt\/fr\/wp-json\/wp\/v2\/pages\/411\/revisions"}],"predecessor-version":[{"id":472,"href":"https:\/\/luzu.pt\/fr\/wp-json\/wp\/v2\/pages\/411\/revisions\/472"}],"wp:attachment":[{"href":"https:\/\/luzu.pt\/fr\/wp-json\/wp\/v2\/media?parent=411"}],"curies":[{"name":"wp","href":"https:\/\/api.w.org\/{rel}","templated":true}]}}

<p>[et_pb_section fb_built= »1&Prime; custom_padding_last_edited= »on|phone » _builder_version= »4.24.0&Prime; _module_preset= »default » use_background_color_gradient= »on » background_color_gradient_direction= »90deg » background_color_gradient_stops= »rgba(0,0,0,0) 50%|#000000 100% » background_color_gradient_overlays_image= »on » background_image= »https://luzu.pt/wp-content/uploads/2024/01/Luzo-Inauguracao23-FTS-SA7IV_0526.jpg » custom_padding= »10vh||10vh||true|false » custom_padding_tablet= »10vh||10vh||true|false » custom_padding_phone= »5vh||5vh||true|false » background_last_edited= »on|phone » use_background_color_gradient_phone= »on » background_color_gradient_stops_phone= »#000000 0%|rgba(0,0,0,0) 87% » global_colors_info= »{} »][et_pb_row _builder_version= »4.24.0&Prime; _module_preset= »default » global_colors_info= »{} »][et_pb_column type= »4_4&Prime; _builder_version= »4.24.0&Prime; _module_preset= »default » global_colors_info= »{} »][et_pb_heading title= »GASTRONOMIE » _builder_version= »4.24.0&Prime; _module_preset= »default » title_font= »|800||||||| » title_font_size_tablet= » » title_font_size_phone= »26px » title_font_size_last_edited= »on|phone » global_colors_info= »{} »][/et_pb_heading][et_pb_text _builder_version= »4.24.0&Prime; _module_preset= »default » text_text_color_tablet= » » text_text_color_phone= » » text_text_color_last_edited= »on|phone » text_line_height_tablet= » » text_line_height_phone= »2em » text_line_height_last_edited= »on|phone » global_colors_info= »{} »]</p>
<p><span style="font-weight: 900;">LUZU</span> <span>propose un service de restauration professionnel pour des événements de toutes tailles.</span> </p>
<p><span>Nous disposons d&rsquo;une cuisine entièrement équipée qui permet à nos partenaires de préparer et de servir des plats de manière efficace et professionnelle. Cela garantit un service de qualité constante adapté aux besoins spécifiques de chaque événement. </span></p>
<p><span>Contactez-nous pour savoir comment nous pouvons rendre votre événement mémorable.</span><span style="font-weight: 300;"></span></p>
<p>[/et_pb_text][/et_pb_column][/et_pb_row][et_pb_row _builder_version= »4.24.0&Prime; _module_preset= »default »][et_pb_column _builder_version= »4.24.0&Prime; _module_preset= »default » type= »4_4&Prime;][et_pb_gallery _builder_version= »4.24.0&Prime; _module_preset= »default » gallery_ids= »436,439,442,448,451,454,457,460&Prime; posts_number= »9&Prime; gallery_orderby= »rand » show_title_and_caption= »off » show_pagination= »off » hover_enabled= »0&Prime; sticky_enabled= »0&Prime;][/et_pb_gallery][/et_pb_column][/et_pb_row][/et_pb_section]</p>

<p>LUZU propose un service de restauration professionnel pour des événements de toutes tailles. Nous disposons d&rsquo;une cuisine entièrement équipée qui permet à nos partenaires de préparer et de servir des plats de manière efficace et professionnelle. Cela garantit un service de qualité constante adapté aux besoins spécifiques de chaque événement. Contactez-nous pour savoir comment nous [&hellip;]</p>
